ppose 3*k - 44 = -3*j + 2*k, k - h = -2*j. List the prime factors of j.
3, 5
Suppose v = 5*k - 600, v = 3*k - 8*k + 600. List the prime factors of k.
2, 3, 5
Suppose 484 - 39 = 5*m. Suppose 3*t + 17 = m. What are the prime factors of t?
2, 3
Let d be -2*(1 + (-6)/(-4)). Let l be d*(-1 - (-4)/(-10)). Let c = -1 + l. What are the prime factors of c?
2, 3
Let t = -19 + 53. Suppose 2*m + 26 = 3*g - g, -4*g - 2*m = -t. List the prime factors of g.
2, 5
Suppose 3*b + 12 = 5*v, -2*b - 9 = -6*v + 3*v. Let f = b + 61. Suppose o + 3*o - f = 0. List the prime factors of o.
13
Suppose s - 2*s + 45 = 0. What are the prime factors of s?
3, 5
What are the prime factors of 6/18 + 35/3?
2, 3
Let o be (-28)/(-6) + (-2)/(-6). Let y be -2 - 0 - (-2 - 75). Suppose o*r - y = -30. List the prime factors of r.
3
Let w = -5 - -12. List the prime factors of w.
7
Let d = -7 - -10. Suppose -128 = -4*g + 2*r, 0*g - 3*g + d*r + 96 = 0. List the prime factors of g.
2
Let i(o) = 77*o**3 - o**2 + 2*o - 2. What are the prime factors of i(1)?
2, 19
Let n(a) = -a + 1. Let o(c) = 6*c + 8. Let v(x) = 5*n(x) + o(x). List the prime factors of v(10).
23
Suppose 2*d - 1 - 7 = 0. Let y(b) = d - b**2 + 1 - 3 + 7*b. List the prime factors of y(6).
2
Let s(d) = 5*d**3 - d**2. Let i be s(1). Suppose -i*j - 15 = 9. List the prime factors of -6*((-8)/j)/(-2).
2
Suppose -4*i + 56 = 3*s - 141, 5*s = 2*i - 131. Let k = i + -36. List the prime factors of k.
17
Let a(m) = m**2 + m + 25. List the prime factors of a(0).
5
Let c(x) = -75*x - 76. What are the prime factors of c(-6)?
2, 11, 17
Suppose 2*i - 4*i - t = 5, 5*i + 12 = -2*t. Let n be (2 + -3)/(i/10). Suppose 5*a = 4*r - 31, -n*r + a + 14 = -9. What are the prime factors of r?
2
Let i(x) = 4*x + 36. List the prime factors of i(17).
2, 13
Let p(z) = 5 + 5*z - 1 - 13*z + 4*z. What are the prime factors of p(-3)?
2
Let t be ((-1)/2)/(2/(-20)). Suppose -65 = -0*x + t*x. Let y = -8 - x. List the prime factors of y.
5
Let u(f) = 2*f**2 + 8*f - 6. Suppose -4 = -2*q - 16. List the prime factors of u(q).
2, 3
Let o(r) = r + 72. What are the prime factors of o(23)?
5, 19
Suppose 2*d - 7*f + 2*f = 45, 3*f - 15 = 0. Suppose 4*b = -5*h - 15, b - h - d = 5*b. List the prime factors of (1 - 4)/(-3) - b.
11
Let m = 235 - 167. Let b = m + -36. List the prime factors of b.
2
Suppose 0*s - 3*s = -9. Suppose 0*d = s*d + 6. What are the prime factors of d/(-8) - 28/(-16)?
2
Suppose 9*z = 13*z - 316. Suppose 9 = p - z. Suppose p = -u + 5*u. List the prime factors of u.
2, 11
Let a(z) = z**3 + 6*z**2 - 9*z. List the prime factors of a(-7).
2, 7
Let n = 24 + 7. What are the prime factors of n?
31
Let m = -92 - -228. What are the prime factors of m?
2, 17
Let w(l) = -97*l - 3. What are the prime factors of w(-2)?
191
Suppose 4*o + 44 - 131 = -w, -3*o + 2*w = -68. List the prime factors of o.
2, 11
Suppose 31 + 94 = 5*c. Suppose z + a = c, 0*a = 2*z + a - 51. List the prime factors of z.
2, 13
List the prime factors of 1 - (-5 - (174 + -4)).
2, 11
Let l = -21 - -31. What are the prime factors of l?
2, 5
Let j(o) = 2*o - 1. Let a be j(2). Suppose 3*d = -0*d - a*u - 3, 5*u + 37 = 3*d. List the prime factors of d.
2
Suppose 0 = t - 4 + 1. Let f be (10/t + -3)*21. Let k = 12 - f. List the prime factors of k.
5
Let s(v) = -4 - 2*v**2 - 5*v**2 - 13*v + 0*v**2. Let t(m) = 3*m**2 + 6*m + 2. Let o(i) = 2*s(i) + 5*t(i). What are the prime factors of o(-4)?
2
Let y = 45 + -14. List the prime factors of y.
31
Let x = 294 + -161. List the prime factors of x.
7, 19
Let q = 4 - 4. Suppose q = -5*g - 3 - 7. List the prime factors of 1/(g*(-1)/8).
2
Let c(r) = r - 8. Let l be c(7). What are the prime factors of -2*(l + 10/(-4))?
7
Let s(k) = -k**2. Let m be s(-8). Let i = 92 + m. List the prime factors of i.
2, 7
What are the prime factors of ((-22)/8)/((-5)/20)?
11
Suppose 6*m - 75 = m. Suppose 4*d + m = 5*d. What are the prime factors of d?
3, 5
Let s(g) = 6*g**2 + g + 15. List the prime factors of s(5).
2, 5, 17
Let n(l) = -l**3 - 5*l**2 - 7*l - 3. List the prime factors of n(-6).
3, 5
Let k(r) = -r + 7. Let m be k(7). Suppose -y - 3 + 7 = m. What are the prime factors of y?
2
Let x be 2/12*-4*-3. Suppose 0 = -5*d - x*c + 22 + 26, -20 = -3*d + c. List the prime factors of (-151)/(-9) + d/36.
17
Let o = 16 + -11. List the prime factors of o.
5
Let a = -79 + 120. Let n = a - 28. List the prime factors of n.
13
Let i = -4 + 13. Let u(y) be the second derivative of y**3/6 + 3*y**2/2 - 2*y. What are the prime factors of u(i)?
2, 3
Let g(j) = -j**3 + 4*j**2 - j - 1. Suppose -5*f + 2*p = 3*p - 10, 20 = -4*p. What are the prime factors of g(f)?
5
Suppose -4 = 2*j - j. Let g = 2 - j. What are the prime factors of g?
2, 3
Suppose 0 = -3*i + f, -i = f - 2*f - 2. Let l be 3 + i + 0/(-6). Suppose -a = -l*t - 2 - 0, 0 = -5*t + 20. What are the prime factors of a?
2, 5
Suppose 0 = 6*r - 3*r - 21. Let l be 2/r + (-48)/(-28). Suppose -4*g + b + 36 = 0, l*g - 6 = -2*b + 12. List the prime factors of g.
3
Let y be (3 - (5 - 3))/1. What are the prime factors of 38 - 2*y/(-2)?
3, 13
Let t = 20 - 11. Suppose -14 = -10*k + t*k. List the prime factors of k.
2, 7
Let h(w) = 34*w - 3. List the prime factors of h(1).
31
Suppose 8*y = 3*y + 400. Let f = y - 44. What are the prime factors of f?
2, 3
List the prime factors of 258/5*(-350)/(-105).
2, 43
Let g(o) = 11*o**2 + 3*o - 2. Let f be g(1). Suppose -10*x + f = -6*x. What are the prime factors of x?
3
Let a(m) = m**3 + 8*m**2 - m - 4. Let y be a(-8). Suppose y*l - l - 3*c + 3 = 0, -3*l + 2*c = 0. Let f(d) = 2*d**2 - 2*d. List the prime factors of f(l).
2
Let d = -3 + 3. Suppose -3*z + d*z = -9. Suppose z*h - 12 = h. List the prime factors of h.
2, 3
Let f(a) = -a**3 - 7*a**2 - 4*a + 2. Let s be f(-4). Let h = s + 45. What are the prime factors of h?
3, 5
Suppose -k = -0*k - 10. Let m be (-1 + -1)/(4/k). List the prime factors of (-2)/m - (-108)/30.
2
Let b(r) = r**2 - 2*r - 5. Let i(k) = -k**3 + 3*k**2 + 5*k. Let c be i(4). Let w be 18/4 - 2/c. What are the prime factors of b(w)?
3
Let q = 6 - 4. Suppose -a - 5*y - 15 = -q*a, 3*a - 28 = -2*y. What are the prime factors of a?
2, 5
Suppose -4*y + p + 280 = -2*p, 70 = y - 2*p. What are the prime factors of y?
2, 5, 7
Let j = 14 + 53. List the prime factors of j.
67
Let y(t) = -t**3 + 5*t**2 + 7*t + 1. List the prime factors of y(-3).
2, 13
Let s be 19*(6/2)/3. Suppose -3*h = -2*h + 11. Let w = s + h. List the prime factors of w.
2
Suppose 2*z + 114 = 4*g, 4*g - z - 5 - 106 = 0. Let q = 12 - 8. Suppose i + g = q*i. What are the prime factors of i?
3
Suppose -56 = -4*h + 12. List the prime factors of h.
17
Let w(l) be the second derivative of -l**5/20 - l**4 - 2*l**3 + 4*l**2 + 5*l. What are the prime factors of w(-11)?
19
Let w(d) = -29*d + 5. List the prime factors of w(-3).
2, 23
Let d be 2/(-8) - 1/(-4). Suppose 0 = 4*m + 3*g + 8, -3*g = -2*m - d*g - 4. Let z = 1 - m. List the prime factors of z.
3
Let m = -84 + 319. What are the prime factors of m?
5, 47
What are the prime factors of 2018/12 + (-1)/6?
2, 3, 7
Let o be 1/1 - (9 + -9). Suppose 2*h - o = 13. List the prime factors of h.
7
Let l(b) = -b**2 + b + 10. Let g be l(11). Let z = -69 - g. What are the prime factors of z?
31
Let l(u) = -u**3 - 11*u**2 - 2*u - 12. What are the prime factors of l(-11)?
2, 5
What are the prime factors of (36 - -4) + -2 + 3?
41
Let c = -2 + 5. Let q(m) be the second derivative of m**3/2 - m**2 - 4*m. List the prime factors of q(c).
7
Let y(d) = -d**3 - d**2 - 9*d + 38. List the prime factors of y(0).
2, 19
Let c be ((-20)/(-25))/((-1)/(-5)). Suppose 0 = -n - c*n + 30. Let a(t) = -t**3 + 6*t**2 + t - 1. What are the prime factors of a(n)?
5
Let q = 19 - 14. List the prime factors of q.
5
Let v(t) = -6 - 4*t**2 + t**3 + 8 + 3*t + 2. List the prime factors of v(4).
2
Suppose v - 13 = 5*o, -5 = 5*o + 15. Let i be 2 - (v + -1 + 0). Suppose k + i = 3*k. List the prime factors of k.
5
Let h = 24 + -10. List the prime factors of h.
2, 7
Let c(a) = -9*a**3 + 4*a**2 + 5*a + 6. Let r(k) = -k**3 + k**2 + k + 1. Let u(x) = c(x) - 6*r(x). What are the prime factors of u(-1)?
2
Let g be 580/14 + (-18)/42. Suppose -6*f + 4*q + 52 = -2*f, 5*f = -3*q + g. What are the prime factors of f?
2, 5
Let s(c) = -42*c + 8. What are the prime